s divided by f.
1
Suppose -36 = -0*y - 3*y. Suppose 0 = 8*g - 34 - 6. What is the remainder when y is divided by g?
2
Let z(a) = a**3 - 3*a**2 + a - 8. Calculate the remainder when 26 is divided by z(4).
2
Suppose -33 = -3*y + 36. Let v be (-266)/(-57) - (-1)/3. Suppose -2*b + 138 = b - u, 210 = 5*b + v*u. What is the remainder when b is divided by y?
22
Suppose 3*q = -4*t - 110, t = -2*q + 3*q - 24. Let j = 2 - t. Calculate the remainder when (j/6)/(4/6) is divided by 2.
1
What is the remainder when 26 + 4*(4 + -5) is divided by 8?
6
Suppose 0 = -3*h - z + 36 + 19, -5*z = -5. Calculate the remainder when 105 is divided by h.
15
Let s = -3 - 5. Let c(f) = -f**2 - 11*f - 4. What is the remainder when c(s) is divided by 7?
6
Suppose -3*k - 5*v + 0*v + 133 = 0, 4*k - 170 = -3*v. Let g = k + -22. Suppose z - 51 = 4. Calculate the remainder when z is divided by g.
17
Let g = 98 - 43. Calculate the remainder when g is divided by -2*-19*2/4.
17
Suppose -6*u + 60 = -u. Suppose 0 = r + 3 + 11. Calculate the remainder when -1*r/(-8)*-20 is divided by u.
11
Let i be ((-10)/25)/(1/(-5)). Suppose -8 + 2 = i*s. Calculate the remainder when 1 is divided by (-1 + 2)*(-2 - s).
0
Let o(h) = h**2 - 14*h + 5. Let c be o(13). What is the remainder when 41 is divided by 15/(-20) - 94/c?
8
Let x = -15 + 60. Suppose v - 6*v = x. Calculate the remainder when ((-6)/4)/(v/30) is divided by 3.
2
Suppose -n = 4*h + 32, h - n = -8 - 0. Let b = 39 + 19. What is the remainder when b is divided by 2/(-8) - 162/h?
18
Let a = 44 - 19. Suppose -f = 2*f - 216. Calculate the remainder when f is divided by a.
22
Let f = -18 - -28. What is the remainder when 28 is divided by f?
8
Suppose 26 = f - 2*i + 11, 3*i + 75 = 5*f. What is the remainder when f is divided by 8?
7
Let b(i) = -3*i - 7. Suppose -2*f + 2*k = 16, -3*f = -0*k - 5*k + 32. Suppose 3*c - c = 28. What is the remainder when c is divided by b(f)?
4
Let l = 4 - 1. Let q be 2/5*(l - 28). Calculate the remainder when 46 is divided by (-166)/q - (-3)/(-5).
14
Suppose 2*i - 18 = -3*f + 7*f, 3*i - f = 17. Suppose 17 = 4*b - i*x - 7, b = 2*x + 6. Calculate the remainder when b is divided by 4.
2
Suppose 0 = -3*t + 2*t - 2. Suppose 0 = 7*h - 6*h - 12. Calculate the remainder when (-1 - 0)/(t/46) is divided by h.
11
Let b = 49 - 45. What is the remainder when 13 is divided by b?
1
Let i(y) = y**3 + 11. What is the remainder when 19 is divided by i(0)?
8
Let p(t) = 10*t**2 + 2. Let s be p(2). Let d = 70 - s. What is the remainder when 111 is divided by d?
27
Let l(g) = g**3 - 5*g**2 - 2*g - 13. Suppose 4*h - 162 = -5*m + 5*h, m - 2*h = 36. What is the remainder when m is divided by l(6)?
10
Let p(g) be the third derivative of g**5/60 - g**4/24 - 6*g**2. Calculate the remainder when 33 is divided by p(4).
9
Let b(q) = -q**2 - 6*q + 57. Calculate the remainder when 19 is divided by b(-11).
1
Suppose 0 = h + l - 0*l, -3*h + l + 4 = 0. Let n be -1 + 1/((-1)/(-5)). Let s = n - 3. Calculate the remainder when h is divided by s.
0
Let x(j) = j**3 - 7*j**2 - 7*j - 2. Let a = -2 - -2. Suppose a = 3*h - 49 + 1. What is the remainder when h is divided by x(8)?
4
Let m = 10 - -7. Calculate the remainder when m is divided by 5.
2
Suppose -3*x + 4*p - 107 = 8*p, 3*x + 115 = -2*p. Let a(m) = -11*m + 7. Let c be a(-6). Let z = c + x. What is the remainder when z is divided by 11?
10
Suppose -38 = -2*u - 2*b, 0 = -u - 0*b - 2*b + 14. What is the remainder when 93 is divided by u?
21
Let a(v) = -6*v. Let l(o) = 5*o - 7. Let q be 4 - (-2*2 + 2). Calculate the remainder when l(q) is divided by a(-2).
11
Let k(o) = o**2 - 4*o. Let d be k(5). Suppose -d*t - 3*c = -29, 4*c - 8*c = -3*t. Suppose -w + t - 2 = 0. Calculate the remainder when 2 is divided by w.
0
Let x(j) = 5*j**2 - 3*j - 6. Let v(y) = -5*y**2 + 3*y + 7. Let g(r) = 5*v(r) + 6*x(r). Calculate the remainder when g(3) is divided by 12.
11
Suppose z = 6 + 19. Suppose -20*j = -16*j - 28. Calculate the remainder when z is divided by j.
4
Let x(q) = 7*q**2 + 2*q + 1. Let h be x(-1). Let d = h + -4. Suppose -4 = -0*o + o - 2*k, -d*k = 2*o - 22. What is the remainder when 16 is divided by o?
4
Suppose 2*k - 4*i - 8 = 0, -k - k - 2*i = -2. Suppose -3*o = 2*h - 139, k*o + h + 3*h = 82. Calculate the remainder when o is divided by 17.
15
Suppose -s = -1, -s = b + 3*s - 10. Let k be 94*(9/(-3))/b. Let u = 78 + k. Calculate the remainder when u is divided by 16.
15
Suppose 193 = 6*r - 293. Calculate the remainder when r is divided by 21.
18
Let h = 14 + -4. What is the remainder when 59 is divided by h?
9
Let z(f) = 3*f**2 + 2*f**3 + 2 - 3*f**3 + f + 0*f**2. Calculate the remainder when 14 is divided by z(3).
4
Suppose -26 - 348 = -17*y. Calculate the remainder when 64 is divided by y.
20
Let t = 4 + 0. Let z = 4 - -6. Calculate the remainder when z is divided by t.
2
Let q = 6 - 3. Let x(v) = v + 11. Calculate the remainder when q is divided by x(-8).
0
Let f(y) = -y**2 - 8*y + 8. What is the remainder when 14 is divided by f(-8)?
6
Let p = 20 - 15. Suppose 5*k - 2*k = 5*b - 161, 52 = 2*b + p*k. What is the remainder when b is divided by 16?
15
Suppose -t = 10*t - 1034. Suppose -2*p + 72 = p. What is the remainder when t is divided by p?
22
Suppose -3*v = -4*v. Suppose -5*y = -2*n - 22, -13 = -3*y + n - v. Suppose 0 = -y*m + 14 + 150. What is the remainder when m is divided by 14?
13
Let h(v) = -v**3 + 4*v**2 - 4*v + 5. What is the remainder when 3 is divided by h(3)?
1
Let g(y) = y**2 + 6*y + 1. Let b(k) = k**3 - 14*k**2 - 14*k - 14. Let r be 60/(2 + 2)*1. Calculate the remainder when g(-6) is divided by b(r).
0
Suppose -3*r + 30 = 3*n, 5*r - n - 28 = -8. Suppose 5*w - 4*w + 83 = r*z, z = -w - 101. Calculate the remainder when 4/10 - w/5 is divided by 11.
9
Suppose r - 1 = 0, 3*s = 2*r + 69 - 2. Calculate the remainder when 42 is divided by s.
19
Let q = 5 + 1. Suppose -5*a = 4*f - 13 + 3, -5*f + a = 2. Suppose -t + q*t - 115 = f. Calculate the remainder when t is divided by 8.
7
Let g(f) = f**2 + 6*f + 3. Let n be g(-6). What is the remainder when 41 is divided by 5*-7*n/(-5)?
20
Suppose 0 = 5*d - 9 - 91. Suppose -5*g = -3*g - d. What is the remainder when 184/10 + (-4)/g is divided by 10?
8
Let h(p) = -2*p**2 - 2*p + 1. Let g be h(-2). Calculate the remainder when 82/4 + g/6 is divided by 11.
9
Let l(w) = w**3 + 9*w**2 + 12*w + 12. Let s be l(-8). What is the remainder when 8/s - (-117)/5 is divided by 8?
7
Suppose -5*g + 4*g = -16. What is the remainder when 77 is divided by g?
13
Let r = -5 + 7. Let c(y) = -y**2 + 3*y - 3. Let p be c(r). Calculate the remainder when p*(2*-9 + -1) is divided by 10.
9
Let u(l) = l**3 + 9*l**2 - 3*l - 14. What is the remainder when 103 is divided by u(-9)?
12
Let h(t) = -8*t**3 + t. What is the remainder when (1/1)/((-2)/(-24)) is divided by h(-1)?
5
Let k = 27 - 16. Suppose -39 + k = -2*d. Calculate the remainder when d is divided by 5.
4
Suppose 5*q - 63 = -8. Let z = q - -4. Calculate the remainder when 27 is divided by 6/4*140/z.
13
Suppose 0 = 5*r - 37 - 138. Calculate the remainder when r is divided by 19.
16
Suppose 28 = -4*c + 8, 4*h - 179 = 3*c. What is the remainder when 366 is divided by h?
38
Suppose 0 = -0*u - 4*u + 116. Let q = -13 - -23. Calculate the remainder when u is divided by q.
9
Let u = 67 - 4. Calculate the remainder when u is divided by 16.
15
Let g(s) = -s**2 - 11*s + 11. Let r be (1 - 12) + 1 + -1. Calculate the remainder when 41 is divided by g(r).
8
Let d = -2 - -28. Calculate the remainder when 74 is divided by d.
22
Suppose -u - 27 + 8 = -4*n, 5*n - 29 = -4*u. Let q(z) = -44*z - 1. Let f be q(-2). Suppose 0 = -2*r + u + f. Calculate the remainder when r is divided by 15.
14
Let n be 3/(-6) - (-1746)/12. Suppose -6*d = -d - n. What is the remainder when d is divided by 16?
13
Suppose 0 = 2*q - 2*a - 18, -q - 4*q - 4*a = -54. Calculate the remainder when 28 is divided by q.
8
Let n = 5 + -3. Let h be 59/5 - 1/(-5). Suppose -n*i = 5*p + h, 0 = -i + 6*i + 4*p - 4. What is the remainder when i is divided by 2?
0
Let x = -125 + 199. What is the remainder when x is divided by 19?
17
Suppose 0 = -2*b + 20 + 50. Let y be -3*7*(-2)/(-6). Let o = 19 + y. Calculate the remainder when b is divided by o.
11
Let r = -4 + 8. Let f = -41 + 54. Calcul